 prime factors of 327 + (-1)/(3*(-5)/(-30)).
5, 13
Let s = 3341 + -1884. List the prime factors of s.
31, 47
Let f = 12 + -4. Suppose 3*n - f*n - 5*w + 515 = 0, -5*n + w = -491. What are the prime factors of n?
3, 11
Suppose 0 = -5*j - 4*p, -4*p = 2*j + p + 17. Suppose -16 = -4*s, -2*k + 23 = j*s + 1. What are the prime factors of k/((-9)/(-33)) - 1?
2, 5
Let r(p) be the second derivative of p**3/3 + 17*p**2/2 + 3*p. Let z be r(-7). Let a(m) = 5*m**2 - 3*m - 3. What are the prime factors of a(z)?
3, 11
Suppose 0 = -3*s + 2*f + 6, -1 = -s + 3*f + 1. What are the prime factors of ((-1)/s)/(4/(-984))?
3, 41
Let r = 2585 - -880. What are the prime factors of r?
3, 5, 7, 11
Let i(k) = k**3 - k**2 - k + 495. List the prime factors of i(0).
3, 5, 11
Suppose 0 = -g - g + 4*z + 8, -4*z - 2 = -3*g. Let c(d) = 2*d**2 + 10*d - 4. What are the prime factors of c(g)?
2
List the prime factors of (-12 - 4340/42)*-15.
2, 5, 173
Suppose -3*v - 4*v + 4830 = 0. List the prime factors of v.
2, 3, 5, 23
Let d be ((-144)/2 - -1) + -16 + 13. Let c = 39 - d. List the prime factors of c.
113
Suppose o = -5*x + 11 + 46, -5*o - 51 = -3*x. What are the prime factors of 1/1 + 536/(x - 4)?
2, 17
Let z(q) = -12*q**3 - 3*q**2 - 7*q - 2. List the prime factors of z(-3).
2, 79
Let m be ((-8)/10)/4 - (-16)/5. Suppose 0 = 14*s - m*s - 2860. What are the prime factors of s?
2, 5, 13
Let c(k) = -k**3 + 14*k**2 + 57*k - 21. What are the prime factors of c(-10)?
3, 67
Let n be 1/((-4)/(-16)) + -1. List the prime factors of -3 - (-6 + n)*53.
2, 3, 13
Let h(a) = -a**2 + 6*a + 2. Let q be h(6). Suppose q*z + 7 = 3*z. Suppose -4*m = -z - 21. List the prime factors of m.
7
Suppose -12*c = -16*c + 312. Suppose 0 = -2*t + 2*b - c, t + 0*b = -b - 33. Let s = -18 - t. List the prime factors of s.
2, 3
Suppose -381 + 2789 = l. List the prime factors of (-1)/(-4)*2 + l/16.
151
Let m be (-2 - 0)/(14/(-854)). Suppose -3*l + m = -2*l. List the prime factors of l.
2, 61
Suppose 5*b + 12 = -5*s - 58, -4*b - 71 = s. Let t = -14 - b. Suppose -2*z - 2*j + 78 = -0*j, -z - t*j + 55 = 0. List the prime factors of z.
5, 7
Let n = -1810 - -1993. What are the prime factors of n?
3, 61
Let g(y) = -4*y - 4. Let n(b) = -b - 1. Let q(f) = g(f) + 6*n(f). What are the prime factors of q(-10)?
2, 3, 5
Suppose 70*j + 1301 = 71*j. What are the prime factors of j?
1301
Suppose 0 = v + 2*p + 2*p + 7, p = 5*v + 98. Let k = -10 - v. List the prime factors of (5/(-4))/(k/(-72)).
2, 5
Suppose 2*f = -6 - 2, -2*l + 2*f + 18 = 0. Suppose 16 = -7*r + 3*r, -4*p = l*r - 156. What are the prime factors of p?
2, 11
Let t = -1 - -2. Suppose -p + 5*z - 17 = 0, 0*z = -p + z - t. Suppose -5*o = 10, p*y - 5*o = 8*y - 25. List the prime factors of y.
7
Suppose -y + 27 = -5*o, 0 = -4*o + o - 15. Suppose -y*v + 47 = -v - 4*b, -b + 103 = 2*v. List the prime factors of v.
3, 17
Let t be 34/6 + 6/18. Let u(k) be the first derivative of -k**3/3 + 7*k**2/2 + 2*k + 9. List the prime factors of u(t).
2
Let v = -605 + 1161. List the prime factors of v.
2, 139
Let o = -70 - -64. Let q(x) = x**2 + 4*x + 2. List the prime factors of q(o).
2, 7
Let y(v) = 246*v**2 + v. What are the prime factors of y(1)?
13, 19
Let t = 2 - -5. Let j = t + -5. List the prime factors of 0/j - (-14 + 10).
2
Let b be 582/66 + 2/11. Suppose p - b = -0*p. Suppose n + 3 = p. List the prime factors of n.
2, 3
Let w(o) be the second derivative of -5*o**3/6 + 11*o**2/2 - 7*o + 6. Suppose 4 = 5*r + 29. List the prime factors of w(r).
2, 3
Suppose 2*c + 3 - 13 = 0. Let o = c + -9. What are the prime factors of (-32)/(-1)*(-2)/o?
2
What are the prime factors of -6 - (10 + 21)*(0 + -44)?
2, 7, 97
What are the prime factors of (-64)/8 - (-207 + -4)?
7, 29
Suppose -1 = 3*f - 4. Let x(s) be the third derivative of 53*s**6/120 + s**5/30 - s**4/24 + 5*s**2 - 2*s. List the prime factors of x(f).
2, 3
Suppose -3*h - 310 = -5*c + h, -2*h = -5*c + 320. What are the prime factors of 5202/c + 4/22?
79
Let p(i) = 2*i**2 + 3*i - 4. Let q(z) = 3*z - 2. Let u be q(-2). Let l be 30/u - (-3)/4. List the prime factors of p(l).
5
Suppose 21*i = 26*i + 715. Let g = 200 + i. List the prime factors of g.
3, 19
Suppose -9*l + 14*l - 5 = 0. Suppose -10 - l = -y. Let q = y - -16. List the prime factors of q.
3
Suppose 0 = 6*t - 9*t + 9. Suppose t*j - 2*y = 155 - 45, -3*j = -4*y - 100. What are the prime factors of j?
2, 5
Suppose x - 4*j = j + 19, 5*x - 5*j = 15. Let o be 3/(-9) - x/3. Suppose 37 = 5*z + 3*s, o = -4*z - 5*s + 19 + 21. List the prime factors of z.
5
Suppose -3*u + 6 = 3*n, u - 5*n = 12 - 4. Suppose -u*t - 2*g + 171 = -0*t, -2*t - 4*g = -114. What are the prime factors of -1 - (0 - -4 - t)?
2, 13
Let v = 0 + 5. Let u = 7 - v. Suppose -1 = u*j - 5. List the prime factors of j.
2
Let d(h) = -h**2 - 10*h + 2. Let q be d(-11). Let n be 1 - (0 - 4*-4). List the prime factors of ((-12)/q)/(-4)*n.
5
Let r(d) = 15*d**2 + 3*d - 1. Let x = -13 + 15. What are the prime factors of r(x)?
5, 13
Suppose 51 = -5*t + 156. Suppose -t - 21 = -j. List the prime factors of (-200)/(-14) - 12/j.
2, 7
Let c(i) = 3*i - 6*i + 1 + 0*i + 4*i. Let p be c(4). Suppose -p*d + 20 = -20. List the prime factors of d.
2
Suppose -6*l + 3*l = -15. Suppose -1 = 3*q + l. List the prime factors of 1 - (1 + q - 28).
2, 3, 5
Let d(o) = -2*o**3 - o**2 + 6*o + 1. Let y be -7 + 2 - 12/(-6). Let v be d(y). What are the prime factors of (-8)/v - 176/(-28)?
2, 3
Suppose 0*c - 40 = -5*c. Let u(z) = 7*z - 334 + 338 - 6*z**2 + z**3 - 19*z. List the prime factors of u(c).
2, 3
Suppose 0 = 3*z + 2*z - 10. Let d be z/(-3)*6/(-4). List the prime factors of 16 + 2 + 0 - d.
17
Suppose 5*b + 7 = b - t, -5*b - 7 = 3*t. Let j(l) = 10*l**2 - l + 1. List the prime factors of j(b).
43
What are the prime factors of ((-240)/(-14))/((-9)/(-63))?
2, 3, 5
Suppose 54*w = 58382 - 18422. What are the prime factors of w?
2, 5, 37
Let m = 16 + -14. Suppose r - m*r = -4*u - 2, -6 = 2*u + 2*r. List the prime factors of (7*u)/((-8)/40).
5, 7
Let t(a) = 158*a**2 - 11*a + 10. What are the prime factors of t(1)?
157
Suppose h + 0*h + 2 = 0, 5*o + 405 = 5*h. Let j = o - -181. What are the prime factors of j?
2, 7
Let c(p) = -3*p + 6*p + 2*p - 3*p + 37. What are the prime factors of c(-6)?
5
Suppose -7*n + 3*n - 8 = 0. Let u be -3*(n - (-40)/12). What are the prime factors of (-3)/u + 183/12?
2
Let a(c) = -c**3 + 17*c - 27. List the prime factors of a(-15).
3, 1031
Let s = -23 - -44. Let o = -17 + s. Suppose o*b - 172 = -0*b. List the prime factors of b.
43
What are the prime factors of 379 + -25 - (-2 + 9)*-1?
19
Let k = -1 - -6. Suppose k*o = 612 - 102. What are the prime factors of o?
2, 3, 17
Let d(a) be the first derivative of a**4/4 - 4*a**3/3 + 3*a - 5. Let k be d(4). Suppose 0 = k*t - 85 + 25. List the prime factors of t.
2, 5
Suppose -a - z = -346, 0*z + 1376 = 4*a - 4*z. List the prime factors of a.
3, 5, 23
Let r(t) = t**3 - 9*t**2 - t + 2. Suppose g - 9 = 1. What are the prime factors of r(g)?
2, 23
Let i = -11 - -15. Let c(l) = 0 - 5 - i - 2*l. List the prime factors of c(-12).
3, 5
Let p = 305 - 81. What are the prime factors of p?
2, 7
Let y(q) = 27*q**2 - 5*q**2 - 30*q - 24 + q**3 + 0*q**3. List the prime factors of y(-23).
137
Let j be (-186*(0 - -1))/(-2). Let z = -68 + j. List the prime factors of z.
5
Let q = 326 - -23. What are the prime factors of q?
349
Let b = -58 + 83. Suppose i + 4*i = b. What are the prime factors of (i/(-5))/(2/(-32))?
2
Suppose -c - 4*c - 3*h - 88 = 0, 0 = -3*c - 3*h - 48. What are the prime factors of (-1 + (-3)/(-2))/(c/(-1880))?
47
Let y(n) = -n**3 - 7*n**2 - 9*n - 4. Let d be y(-6). Let r be d/((-8)/(-4)) + 1. List the prime factors of r/3*(-6)/(-1).
2
Let f(v) = -v**3 + 3*v**2 + 7*v + 16. What are the prime factors of f(-11)?
23, 71
Let b(n) be the third derivative of n**4/24 + 6*n**3 + 12*n**2. List the prime factors of b(-12).
2, 3
Let o(v) = 10*v**3 - 2*v - 3. Let d be o(3). Let t(p) = -p**3 - 8*p**2 + 53. Let y be t(-7). Suppose -y*c - 61 = -d. What are the prime factors of c?
2, 5
Suppose 59*t - 100115 = -23533. List the prime factors of t.
2, 11, 59
Suppose 0 = -2*l + 4*m + 6 - 8, 5*m = 15. Suppose 0 = 5*w + l*w - 1830. List the prime factors of w.
3, 61
Let h = -22 - 10. Let n = h + 53. List the prime factors